 of b?
23
Let a = 3 + 1. What are the prime factors of (-16)/12*-73 + a/6?
2, 7
What are the prime factors of ((-2)/6)/((-8)/48) - -4778?
2, 5, 239
Suppose -23*c + 25*c - 278 = 0. Suppose -80 - c = -2*z + o, -z = -5*o - 123. List the prime factors of z.
2, 3
List the prime factors of (1333/(-6) + 6/(-18))*-6.
3, 5, 89
Let s = 527 + 659. What are the prime factors of s?
2, 593
List the prime factors of 1 - ((-807 - -2) + 8).
2, 3, 7, 19
Let o be (-20)/((-16)/(-4))*(-108)/(-10). Let c = o - -182. List the prime factors of c.
2
What are the prime factors of 4 - -1474 - (0 + 9)?
13, 113
Let s(z) = 10*z**2 + 8*z - 43. What are the prime factors of s(-9)?
5, 139
Let n = 241 - 90. List the prime factors of n.
151
Suppose -32*p + 435 = -17*p. What are the prime factors of p?
29
Let n be (1 + -1 + 1)*-2. List the prime factors of 3 + (15/30)/(1/n).
2
Let z = 2634 + -1726. List the prime factors of z.
2, 227
Let l = 2647 + 2211. What are the prime factors of l?
2, 7, 347
Suppose 74*f = 256641 - 71863. What are the prime factors of f?
11, 227
Suppose -4*o - 10*i = -7*i - 8546, -2*i = 5*o - 10679. What are the prime factors of o?
5, 7, 61
Suppose 0 = -3*a + 5*a - 32. Let m = a - 14. Suppose 141 = m*j + 3*u, -2*j + 6*j + 5*u - 277 = 0. List the prime factors of j.
3, 7
Suppose -2*i = 0, 7*q - 2*q - 2180 = -i. What are the prime factors of q?
2, 109
Let l = 597 - 373. What are the prime factors of l?
2, 7
Let j(a) = a**3 + 12*a**2 + 15*a - 6. Let o be j(-10). Let l = o + -8. What are the prime factors of l?
2, 3
Suppose 2*c = -10, 4*p - c - 5 = -0. Suppose 3*s + 39 - 264 = p. Suppose -s = -2*o + 5. What are the prime factors of o?
2, 5
Let x = 206 - 15. What are the prime factors of x?
191
Let n be (-88)/(-6) - 36/(-27). Let c = n - 31. Let s = 46 + c. What are the prime factors of s?
31
Suppose 2*s + 4 = 4*y - 2*y, 3*y - 2*s - 7 = 0. Suppose -5*b + 490 = -y*q, -4*q - 4*b = -q + 472. What are the prime factors of q/(-56) + (-1)/(-7)?
3
List the prime factors of (-3)/(5 - 2055/410).
2, 3, 41
List the prime factors of (-17069)/(-65) + -3*(-1)/(-5).
2, 131
Suppose 0 = -15*v + 31 - 91. List the prime factors of (27/v)/(3/(-56)).
2, 3, 7
Let s(b) = b**3 + 4*b**2 - 4*b. Let l be s(-5). Let n be -2*3/(l - 1). What are the prime factors of 486/30 + n/(-5)?
2
Let o be ((-4)/(-2))/((-24)/(-36)). Suppose 0 = -n - 4*y - 7, -o*y = 4*n - 15 - 9. What are the prime factors of n?
3
Let i be (1 - (-2 + 0))*-1. Let k be (-4 + 4)*(2 + i). Suppose k = -5*o + 2*c + 262, 4*o - 4*c - 16 = 196. List the prime factors of o.
2, 13
Suppose 3*r + 29 = -31. Suppose 5*a - 9 = 3*b, 5*b + 47 = -a + 4. Let i = b - r. List the prime factors of i.
2, 3
Suppose 4*k + 2*j = 6*j - 32, -k - 10 = -2*j. List the prime factors of 3/(-2)*(68/k - 0).
17
Suppose -31*a + 53*a = 49214. What are the prime factors of a?
2237
Let h(d) = 5 - 4*d - 1 + d - 11*d**2 + 47*d**2. Let p be h(2). Suppose -2*l + 0*l = -p. List the prime factors of l.
71
Let l(z) = z + 10. Let p be l(-7). Let s be (0 - -61) + (5 - p). Let t = -43 + s. List the prime factors of t.
2, 5
Suppose -8*c = -18037 - 10795. What are the prime factors of c?
2, 17, 53
Let l = 72 + -68. Suppose -l*n - n = -275. What are the prime factors of n?
5, 11
Let n(b) = 2*b**2 + 25 + 1 - b**2 + 18*b + 2. What are the prime factors of n(-21)?
7, 13
Let l = -21 - -26. Suppose 425 = l*s - 0*s - 5*h, 3*h = 6. What are the prime factors of s?
3, 29
Let g(p) be the second derivative of p**5/20 + p**4/12 + p**3/3 + 39*p**2 + 7*p. List the prime factors of g(0).
2, 3, 13
Suppose -3801 - 5376 = -23*y. What are the prime factors of y?
3, 7, 19
Suppose -5*n - 2*c - 1 = -4*c, 5*n - 5*c + 10 = 0. Let r = 18 - n. Let u = 38 - r. What are the prime factors of u?
3, 7
Let r = -10 + 11. Let t = r + 1. List the prime factors of 12 - t*(-1)/2.
13
Let l(p) = 5*p**3 + 8*p**2 + 6*p - 5. Let v(c) = -9*c**3 - 15*c**2 - 11*c + 9. Let a(t) = 5*l(t) + 3*v(t). List the prime factors of a(-3).
2, 5
Let g(p) = -36*p - 48. Let n be g(11). Let w = -244 - n. What are the prime factors of w?
2, 5
Let n be ((-27)/(-42) + 1/(-7))*-24. Let h(j) = -2*j - 16 + 7 - 9. What are the prime factors of h(n)?
2, 3
What are the prime factors of (191600/(-90))/(-5) - (-10)/45?
2, 3, 71
Let d = 61 - 95. Suppose 0*i + 148 = 3*t - i, -4 = -2*i. Let c = t + d. List the prime factors of c.
2
What are the prime factors of 3767/8 + 5/40?
3, 157
Suppose -8*l + 626 = -4518. What are the prime factors of l?
643
Suppose -2*a = -a - 2*k - 16, 3*a - 4*k - 56 = 0. Suppose -10 = 2*m + 5*p + 6, 0 = -2*m - 4*p - 12. What are the prime factors of 12*m/(a/51)?
3, 17
Let z = 36 + -31. Suppose 4*y + y - 123 = 2*s, 5*y = -4*s + 99. Suppose -5*l + z = 0, -8 = -a - l + y. What are the prime factors of a?
2, 3, 5
Let l(j) = j**2 + 11*j - 6. Let z be 0 + 2 - (-50)/(-5). Let g be l(z). What are the prime factors of 2/(g/63)*-5?
3, 7
Let n be (-2099)/2 + (-5)/10. What are the prime factors of n/(-14) - (4 + -1)?
2, 3
Suppose 4*n - 14 = i, -4*i + n = -19 + 90. List the prime factors of (-6)/27 + 14/i + 14.
13
Suppose -a = 6*a - 77. Suppose a = 2*v + 1. Suppose 0 = -4*m + 2*b + 232, v*m = -5*b + 111 + 194. List the prime factors of m.
59
List the prime factors of (0 - -5 - -590)*1.
5, 7, 17
Suppose -208*a + 196*a + 3720 = 0. What are the prime factors of a?
2, 5, 31
Suppose 4791 = 5*h + 721. What are the prime factors of h?
2, 11, 37
Let h(b) = -b**2 - 48*b - 21. What are the prime factors of h(-18)?
3, 173
Let p(u) = -6*u + 3*u**2 + 13 + 6*u**2 + 0*u - 3*u**2. Let x(k) = -5*k**2 + 7*k - 13. Let v(t) = 4*p(t) + 5*x(t). What are the prime factors of v(8)?
11
Let o(v) = -6*v + 15. Let j be o(3). What are the prime factors of 40/j*(-15)/(-3 + 8)?
2, 5
Let i(j) = -73*j. What are the prime factors of i(-6)?
2, 3, 73
Let u = -495 - -3091. List the prime factors of u.
2, 11, 59
Suppose -3*x - 16 = 4*g, -4*g + 3*x - 20 = g. Let f be g/(-6) + (-7189)/(-39). Suppose 5*c = -0*c + f. List the prime factors of c.
37
Suppose y + 15 = -3*h, y = 3*y + 2*h + 18. Let x(f) = f**3 + 6*f**2 + 8*f - 2. Let c be x(y). List the prime factors of ((-6)/4)/(5/c).
3, 5
Let s be 4/30*-6*95*-2. Let t = -138 + s. List the prime factors of t.
2, 7
Let m(a) = a**2 - 19*a + 14. List the prime factors of m(-19).
2, 23
Let d be (-14 + 15)/((-2)/(-10)). What are the prime factors of d/((-50)/(-15)) + 81/2?
2, 3, 7
Suppose z = 3*m - 2734, 14*m + 4*z - 907 = 13*m. What are the prime factors of m?
911
Let y = 1227 - 631. List the prime factors of y.
2, 149
Suppose -3*g + 165 = -8*g. Let t(r) = 12*r - 2. Let w be t(5). Let u = g + w. What are the prime factors of u?
5
Suppose 0 = 8*v - 11*v + 9. What are the prime factors of (4 + v + -26)/(-1)?
19
Let r(q) = 9*q**2 - 5*q + 4. Let f be r(2). Let n = f - -88. What are the prime factors of n?
2, 59
Let a be (7/14)/(-2 - (-3)/2). List the prime factors of -6*a*76/8.
3, 19
What are the prime factors of (139/(-5))/(6/(-60))?
2, 139
Suppose -c + 3*m = 2*m, 0 = 3*c - 4*m - 1. Let f = c - -4. Suppose -k + 4*y = 4*k - 95, 3*y + 60 = f*k. What are the prime factors of k?
3, 5
Let h = -20 - -2. Let i = h - -13. Let w = i - -26. What are the prime factors of w?
3, 7
What are the prime factors of (12/10)/(5/(29225/14))?
3, 167
Let v be 32/6 + 2/6*-1. Suppose 0 = 3*w + v*l - 131, w = 3*w - 5*l - 54. List the prime factors of w.
37
Let b(o) = -2*o + 4. Let h be 225/33 + (-10)/(-55). Let s be b(h). Let a = s - -29. What are the prime factors of a?
19
Let z = 1170 + -468. List the prime factors of z.
2, 3, 13
Let w(f) be the second derivative of -f**5/20 - 5*f**4/12 + 2*f**3/3 + f**2 - 12*f. What are the prime factors of w(-6)?
2, 7
Let p(b) = -126*b + 134. What are the prime factors of p(-15)?
2, 11, 23
Suppose 3*p - 4*m = -3 - 2, 4*m = 4*p. Suppose 25 = 4*y + p. Suppose -d + 0*d = -3*i + y, 16 = 4*i. List the prime factors of d.
7
Let b(u) = -u + 34. Suppose 4*t + 2*i - 50 = 0, 2*t + 35 = 5*t + i. List the prime factors of b(t).
2, 3
Suppose -12 + 46 = 2*b. Let q be 0 - -9 - (-1 + 2). Let o = b - q. What are the prime factors of o?
3
Suppose 0 = -5*z + u + 156, -z - 3*u - u = -48. Suppose 0*d = -d + 4*t + 3, 5*t = 4*d + z. Let h = d + 40. List the prime factors of h.
3
Suppose -28 = -0*d - 5*d - v, 0 = 4*v + 8. Let b = -22 + 2. Let 